in base 7?
-4341115
81e934 (base 16) to base 4
200132210310
What is 210203221 (base 4) in base 16?
248e9
Convert -402411141 (base 5) to base 15.
-21b266
What is 233da0 (base 14) in base 10?
1201816
1220011 (base 7) to base 16
261a9
What is -990027 (base 11) in base 16?
-1820c9
What is dce108 (base 15) in base 6?
1013343242
Convert 14131445 (base 6) to base 10.
478613
-14144110 (base 5) to base 6
-3051312
What is 21201002010112 (base 3) in base 13?
b05256
What is -828 (base 14) in base 6?
-11232
19529 (base 10) to base 15
5bbe
-102220000110 (base 3) to base 5
-24442041
What is 15ba34b (base 12) in base 10?
4476011
Convert 426b7 (base 12) to base 13.
30a24
Convert -111111010101110 (base 2) to base 15.
-9920
Convert 738d76 (base 14) to base 8.
16712154
Convert cc3878 (base 15) to base 12.
3313b72
What is -1545023 (base 7) in base 9?
-354178
Convert 46775 (base 13) to base 4.
133123001
What is 64a67 (base 11) in base 15?
1cebd
Convert -10100001100111011011 (base 2) to base 11.
-41239a
305545 (base 8) to base 11
6a05a
-174017 (base 12) to base 2
-1100001111000010011
1211211121112 (base 3) to base 2
11101111011111010111
-421031453 (base 6) to base 9
-14710776
What is 100202020101 (base 3) in base 9?
322211
Convert -102013200 (base 6) to base 14.
-342bba
What is -165527 (base 9) in base 2?
-11001000001011010
Convert -1331313100 (base 4) to base 15.
-a2b41
What is 51775c (base 13) in base 3?
10120121121001
What is 33403021 (base 5) in base 10?
294136
-78ac41 (base 13) to base 14
-5432d0
Convert -82d29 (base 15) to base 11.
-263643
Convert 102401400 (base 5) to base 13.
122a7a
660184 (base 14) to base 2
1101001100001011011000
2301314 (base 5) to base 2
1001111110000010
Convert 3231050 (base 8) to base 11.
54081a
Convert 2301248 (base 11) to base 8.
17272774
What is 21428b0 (base 13) in base 12?
3492b84
What is 441730 (base 12) in base 11?
679228
Convert -10526728 (base 9) to base 5.
-2301040203
What is 1041552 (base 9) in base 6?
15551202
-1344341 (base 5) to base 12
-14314
5382316 (base 9) to base 6
141524540
-1845218 (base 12) to base 16
-4d56f4
Convert -1351545 (base 7) to base 11.
-11383a
1d4ad (base 15) to base 16
1754b
What is -100111101011011100111010 (base 2) in base 3?
-201120110022020
-1452422 (base 7) to base 6
-4123352
-7bb58 (base 14) to base 7
-2363341
Convert 724044 (base 9) to base 6.
13112021
What is 110210112122221 (base 3) in base 9?
13715587
Convert -32b145 (base 13) to base 11.
-747132
1022110202100 (base 3) to base 13
1b5a4b
What is 25552345 (base 6) in base 12?
3456b5
3776433 (base 13) to base 2
1000001111101111111111001
What is 1630546 (base 8) in base 4?
1303011212
134151130 (base 6) to base 14
50b66a
Convert 1f44 (base 16) to base 4.
1331010
Convert 112122313 (base 4) to base 8.
263267
Convert -278449 (base 16) to base 10.
-2589769
What is 1223506 (base 7) in base 4?
212122201
-1305077 (base 9) to base 5
-140243203
4222352 (base 6) to base 7
1513442
24073547 (base 8) to base 6
305010035
What is -1100000100220 (base 3) in base 11?
-444634
Convert -1101010011110100110 (base 2) to base 12.
-190486
What is 10111010001011010111100 (base 2) in base 8?
27213274
e398c (base 15) to base 16
b0088
What is 1972584 (base 13) in base 5?
4120424340
Convert -22102202021 (base 3) to base 2.
-101000100010001110
1000000111110010011001 (base 2) to base 9
4004450
What is 320120221 (base 4) in base 14?
60249
What is -252011010 (base 6) in base 5?
-2220304432
What is 2076de (base 16) in base 13?
596532
What is -646244 (base 8) in base 10?
-216228
-22747 (base 9) to base 10
-15190
Convert -ac0597 (base 15) to base 9.
-16381657
-1428624 (base 11) to base 8
-11275577
Convert 134665 (base 11) to base 3.
101201120100
What is -1365035 (base 7) in base 11?
-116450
-4766450 (base 11) to base 7
-130430216
What is -1100100011100000111 (base 2) in base 14?
-a9cd9
Convert -16c322 (base 13) to base 4.
-2023003112
What is 1053475 (base 11) in base 8?
7033755
What is -497064 (base 11) in base 6?
-24455532
What is -334554 (base 7) in base 6?
-1134240
-235740 (base 16) to base 4
-20311131000
Convert 10001111011011110101 (base 2) to base 3.
1002211220121
What is 102240303 (base 7) in base 8?
27033513
Convert 20045d (base 14) to base 5.
233422030
Convert -5610012 (base 7) to base 12.
-294209
-1343865 (base 9) to base 5
-142101401
Convert -35135112 (base 8) to base 14.
-1031bd0
-10011010010111000101 (base 2) to base 13
-191a26
Convert 1024642 (base 10) to base 16.
fa282
What is 12241531 (base 7) in base 11?
6934a7
Convert -20335 (base 6) to base 14.
-dc7
What is -310114 (base 7) in base 12?
-2672a
What is 3288066 (base 10) in base 2?
1100100010110000000010
-356134 (base 9) to base 10
-214438
-11111001111011101010100 (base 2) to base 14
-1132884
-122121022 (base 3) to base 7
-52262
What is 10010100111100 (base 2) in base 16?
253c
What is -55642522 (base 8) in base 10?
-12010834
442313 (base 6) to base 2
1000111111100101
What is b00b5b (base 12) in base 9?
5133838
-1433624 (base 7) to base 13
-6a067
3ee3a (base 15) to base 16
3165a
Convert 4401572 (base 9) to base 7.
26041451
140312323 (base 5) to base 6
23143023
What is 5417014 (base 9) in base 11?
17046a0
What is 294426 (base 10) in base 6?
10151030
What is 426011 (base 11) in base 14?
13a4d6
-1a7596 (base 12) to base 4
-1302202002
277e63 (base 16) to base 9
4774373
-354401a (base 11) to base 3
-102122011122101
What is -899169 (base 14) in base 11?
-2702154
Convert 53333505 (base 6) to base 2.
101111110101111010001
Convert 7a0cdb (base 14) to base 3.
21210220202021
-51a8ba (base 13) to base 8
-7217425
Convert 11a95c1 (base 13) to base 15.
73ae5c
Convert 121915 (base 12) to base 9.
486348
What is 1505047 (base 8) in base 6?
13104103
21207121 (base 8) to base 10
4525649
244110120 (base 5) to base 15
17daaa
What is -22a42 (base 12) in base 4?
-23111102
304abb2 (base 12) to base 8
42437066
284295 (base 14) to base 15
1c82a0
Convert -2ad2a (base 16) to base 3.
-22220121101
Convert 44d759 (base 14) to base 2.
1000111011110011000011
Convert -3b240b (base 14) to base 12.
-825aa3
5769215 (base 10) to base 11
3290551
What is 1303223242 (base 5) in base 12?
1094212
120220133 (base 4) to base 6
2055035
2444243302 (base 5) to base 6
325241000
What is 1837866 (base 10) in base 4?
13000230222
What is -350041 (base 6) in base 2?
-111010010001001
-2013103331 (base 5) to base 16
-3d9119
ac0ccd (base 14) to base 5
2443414030
What is 3b367a (base 14) in base 7?
23246513
-3664 (base 16) to base 5
-421144
1131132322 (base 4) to base 5
44223111
What is -2a7183 (base 11) in base 16?
-74b59
What is -74416 (base 11) in base 12?
-52820
What is -1315150 (base 7) in base 16?
-2a0ee
Convert 150644 (base 10) to base 9.
248572
What is -814706 (base 10) in base 4?
-3012321302
What is -2550101 (base 6) in base 13?
-4b19c
-26380c (base 13) to base 6
-31432031
Convert 57936 (base 11) to base 8.
243302
Convert 106074a (base 13) to base 3.
100101222220201
What is -31a59 (base 15) in base 6?
-3213320
2212579 (base 10) to base 3
11011102002101
-b5b949 (base 13) to base 11
-24451a1
Convert -101041310 (base 5) to base 16.
-63d7b
263c75 (base 16) to base 12
a0a185
What is -11233331031 (base 4) in base 10?
-1507149
Convert 530630 (base 7) to base 10.
91553
1010db4 (base 14) to base 11
4300a47
221202012 (base 3) to base 14
6baa
74247 (base 9) to base 7
262666
What is -60b68 (base 13) in base 14?
-47235
10101001101101010 (base 2) to base 16
1536a
-31113102 (base 4) to base 3
-2210002100
Convert -211011000 (base 3) to base 9.
-24130
What is -2000025 (base 6) in base 14?
-26025
What is -24355701 (base 8) in base 2?
-10100011101101111000001
Convert -12b85 (base 15) to base 7.
-336566
Convert 8976c7 (base 14) to base 15.
62359a
What is 242145 (base 6) in base 7?
115622
-10051524 (base 6) to base 7
-2303143
Convert 5c3864 (base 13) to base 9.
4133658
Convert -426051 (base 11) to base 9.
-1247783
60654330 (base 7) to base 6
300205433
924a68 (base 13) to base 15
475283
-442a (base 12) to base 8
-16542
Convert -bc2 (base 13) to base 16.
-7e1
What is 202081 (base 9) in base 11?
81974
Convert 17254305 (base 8) to base 10.
4020421
Convert 44a57 (base 12) to base 3.
11122022211
-471523 (base 9) to base 8
-1051216
Convert -13253422 (base 6) to base 15.
-8b2b2
Convert -142